ve of 1/2*k**2 + 1 + 0*k - k**4 + 0*k**3. Give j(-1).
3
Suppose h = -5*v + v + 12, -2*v = -4*h - 24. Let p(g) = -3*g + v*g + 0*g - g**2 + 1 + 1. Let d = -4 + 6. Give p(d).
0
Suppose 7*m - 5*m - 3*q - 15 = 0, q = 4*m - 5. Let v(u) = u + 3. Calculate v(m).
3
Let w(u) be the second derivative of u**5/20 + u**4/3 + u**3/3 + 3*u**2/2 - 15*u. Let p = 9 - 13. Determine w(p).
-5
Let v(x) = -x + 2. Let r be v(0). Let n be (-19)/(-2) - 3/r. Let j(f) = -13 + n + f + 0*f. Calculate j(6).
1
Let t(f) be the third derivative of -f**4/8 + f**3/3 - f**2. Suppose 10 = -0*c - 2*c, -r + 25 = -5*c. Suppose r = -2*b - b + d + 4, -d + 2 = -b. Determine t(b).
-7
Let x = 27 - 19. Let n(p) = x*p**3 + 1 - 10*p - 2*p**2 + 10*p. What is n(1)?
7
Let g(j) = -6*j + 9*j - 7*j**2 + 5*j - j - 5 + j**3. Let r(o) = o**3 - 6*o**2 - 7*o + 6. Let u be r(7). Calculate g(u).
1
Let q(r) = -r**2 - r + 11. Let v(c) = c - 11. Let k be v(11). Calculate q(k).
11
Let m(v) = v**2 - v. Let r be m(1). Let q(s) = -2*s + 3 + r + 2 + 3*s. What is q(0)?
5
Let p = -7 - -11. Let t(v) = -v + 3 - 1 - 5 - 1. Calculate t(p).
-8
Let p(d) be the first derivative of -d**4/4 + 4*d**3/3 + d**2 - 3*d + 41. What is p(4)?
5
Let j(p) = -p**3 - p**2 - 6. Let s = 15 + -15. What is j(s)?
-6
Let i(k) = k**2 - k + 1. Let m(f) = -3*f**2 - f - 1. Let s(g) = 2*i(g) + m(g). Determine s(-4).
-3
Let k be -3 + 3 + 1 - 2. Let p(d) = 0*d + 10*d**2 - 1 - d - d. Give p(k).
11
Let j(o) = -2*o. Let k = -1 + 5. Suppose 0*d + 3 = d. Suppose -4*r = 2*q + k, 0 = r + 3*r + d*q. What is j(r)?
6
Let b(y) = -y**2 - 2*y + 1. Let s(h) = 0 + 3 + 7 + h. Let n be s(-6). Suppose t = -n + 2. Calculate b(t).
1
Let o(y) be the first derivative of -y**2 + 5*y + 8. What is o(6)?
-7
Suppose 0 = 3*r - 9. Suppose -a + 4*y + 3 = 3*y, y = -r. Let w(g) = g**2 - g + 4. Give w(a).
4
Let l(w) = -2 + 6 - 2 - w**2 - 3*w + 5. Let t(z) = z - 1. Let q be t(-4). Determine l(q).
-3
Let v(d) = -d**2 + 6*d - 4. Let r be ((-8)/12)/(1/(-6)). Calculate v(r).
4
Let z(b) = -8*b**3 + b**2 + 3*b + 3. Let k(x) = -41*x**3 + 6*x**2 + 16*x + 16. Let r be (2/1 + -4)*1. Let f(m) = r*k(m) + 11*z(m). What is f(-1)?
5
Let w be (-330)/42 - -1*2/(-14). Let z(y) = -y**3 - 9*y**2 - 9*y - 9. Determine z(w).
-1
Let o = -6 - -14. Suppose -o = -5*q - 3*m, 5 + 0 = 3*q + 2*m. Let p(s) = -8*s**2 + s - 1. Give p(q).
-8
Let o(j) = -j**3 + 4*j**2 - 4*j + 1. Suppose -24 = -13*a + 5*a. What is o(a)?
-2
Let j(f) = -f + 2. Let y(t) = t - 3. Let l(w) = 2*j(w) + y(w). What is l(-6)?
7
Let z(r) be the third derivative of r**6/360 + r**5/20 - r**4/8 - 3*r**2. Let h(a) be the second derivative of z(a). What is h(-4)?
-2
Suppose 2*v + 12 = -2*c, 3*c + 13 = 3*v + 1. Let s(k) = 8*k**2 - 2*k - 1. Determine s(v).
9
Let z(s) be the first derivative of -s**3/3 - 7*s**2/2 - 20. Calculate z(-8).
-8
Let v(l) = -5*l**3 + 4*l**2 - 5*l - 7. Let a(t) be the first derivative of 11*t**4/4 - 3*t**3 + 5*t**2 + 15*t + 1. Let h(o) = 6*a(o) + 13*v(o). Calculate h(4).
11
Let s be ((-18)/2)/((-12)/(-8)). Let q(r) = 2*r + 9. Determine q(s).
-3
Let w(y) be the second derivative of -y**7/2520 + y**6/240 + y**5/60 + y**4/6 + 4*y. Let v(q) be the third derivative of w(q). Determine v(4).
-2
Let x(o) = 3 + 45*o - 47*o - o**2 + 2. What is x(-4)?
-3
Let a = 43 + -41. Let z(u) = -2*u**2 - 1. What is z(a)?
-9
Let y(l) be the second derivative of -l**5/20 + l**4/3 - 2*l**3/3 + l**2/2 + 8*l. Let m = -11 - -8. Let x = m - -6. Determine y(x).
-2
Suppose -3*g - 2*b = -7*g + 10, -4*g = -b - 11. Let s(y) = 2*y - 3. Let a be s(g). Let z(r) = -r**3 + 3*r**2 + 2. Calculate z(a).
2
Suppose 3*v = k + 6, -1 = -k - 2*v + 3. Let p(w) be the third derivative of 0*w + k*w**3 - 2*w**2 + 5/24*w**4 + 1/60*w**5 + 0. Determine p(-3).
-6
Let w be (-6 + 2)/(2 - 4). Let a(z) = z**3 - 7*z**2 - 6*z + 5. Let u(v) = 5*v**3 - 28*v**2 - 24*v + 19. Let i(n) = w*u(n) - 9*a(n). Calculate i(-5).
13
Let q = 47 - 31. Let t = q - 12. Let k(z) = z**2 - 4*z. Determine k(t).
0
Let s(g) = -g - 40 + 0*g + 43. Calculate s(0).
3
Suppose -3*x + 2 = -4. Suppose 12 = -x*o - o. Let j(d) = -d**2 - 4*d - 3. Determine j(o).
-3
Let r(x) = 2*x**2 - 35 + 2*x + 36 + 9*x**3 + 0*x. Give r(-1).
-8
Let z(t) = -t**2 + 3*t. Let i(n) = -2*n**2 + 21*n + 40. Let a be i(12). Give z(a).
-4
Let z be ((-10)/(-8))/(5/(-20)). Let w(a) = -a**2 + a + 10. Let o(x) = 2*x**2 - 3*x - 21. Let u(p) = -6*o(p) - 13*w(p). Give u(z).
-4
Let b = -3 + 1. Let k be 6*b*3/12. Let c(h) = 2*h - 4. What is c(k)?
-10
Let i = 112 - 118. Let u(f) = f**3 + 6*f**2 - 2*f - 3. Calculate u(i).
9
Suppose 0 = 2*g - 4*i - 2, -g - 4*i - 5 = -4*g. Let z(t) = 2*t**2 - t + 2. What is z(g)?
17
Let q(t) = -t. Let b(v) = -v + 1. Let i(s) = -1. Let k(w) = 4*b(w) + 4*i(w). Let u(c) = k(c) - q(c). Give u(-2).
6
Let i(p) = p. Let f(z) = 13*z + 4. Let c(v) = -f(v) + 6*i(v). Determine c(-3).
17
Suppose 2*a = -4*z - 20, 3*z + 13 = -4*a - 2. Let f(b) = -b**3 - 5*b**2 + 2*b + 6. What is f(z)?
-4
Let u be (-3)/9 + 7/3. Let k(d) = -d - d**2 - d**3 + 4 + 0*d**u + 2*d. Suppose 10 = 2*v - 5*v + 2*i, -5*v - 20 = -4*i. Calculate k(v).
4
Let w(x) = x + 4. Suppose 2*n = -5*p - 5, -n - 1 = p - 0*n. Let k be (5/5)/(p/4). Calculate w(k).
0
Suppose -w = -3*w - 18. Let c be 2/(-3)*w/3. Let r be ((-8)/(-12))/(c/(-6)). Let k(p) = 2*p**2 + p - 2. What is k(r)?
4
Let c(b) = -b**2 - 4*b - 2. Let h be c(-4). Let l(o) = -4*o**2 + 5*o + 0*o + 3*o**2 - 7*o. Determine l(h).
0
Let v(z) be the third derivative of z**7/630 + z**6/720 + z**5/60 - 4*z**2. Let q(n) be the third derivative of v(n). Calculate q(-1).
-7
Let c(p) = -p**3 - 6*p**2 + 8*p + 1. Let k be c(-7). Let g(n) = n**2 + 7*n + 2. Give g(k).
-4
Let x(z) = -z**3 + 9*z**2 + 11*z - 8. Let u be x(10). Let d(p) = 2*p + 1. Give d(u).
5
Let v(x) = x - 1. Let w(k) = -k**3 + 3*k**2 - 3*k + 1. Let q(z) = 2*v(z) + w(z). Give q(4).
-21
Let j(x) be the second derivative of -x**6/120 - x**5/60 + x**4/8 - x**3/6 - x**2/2 + 2*x. Let s(q) be the first derivative of j(q). Give s(2).
-7
Let m(p) = -p - 4. Let u be m(-6). Suppose u = f - 0. Let w(i) = -i**2 - f + 9*i - 2*i - 3*i. Determine w(3).
1
Let l(z) = z + 1. Let r(b) = b. Suppose 3*q - 2*q + 2 = 0. Let d(u) = q*r(u) + 3*l(u). Let y(g) = -g + 2. Let i be y(2). Calculate d(i).
3
Let j(k) = -k - 6. Let x be j(-7). Let i(q) = -q**2. Let p(l) = 3*l**2 - l. Let y(f) = 3*i(f) - p(f). What is y(x)?
-5
Let m be (-87)/(-12) - (-1)/(-4). Let k = m + -4. Let p(u) = -2*u + 2*u**2 + 3 + k*u - 4*u**3 + 3*u**3 - 4. Determine p(3).
-7
Let d = 119 + -107. Let q(t) = t**3 - 11*t**2 - 13*t + 15. Determine q(d).
3
Let c be (-11)/4 + (-2)/8. Let w(g) = g + 3. Calculate w(c).
0
Let s(b) be the second derivative of -b**6/180 - b**5/60 + b**4/6 + 2*b**3/3 - 2*b. Let y(j) be the second derivative of s(j). Calculate y(-3).
-8
Suppose 18 = -0*b - b. Let g = b - -23. Let l(q) = q**2 - 6*q + 1. What is l(g)?
-4
Let k(z) = 3*z**2 - 3 - z**3 - z**2 - 4*z + 2*z. Suppose d = 0, -5*g - 8 = -d + 2. Calculate k(g).
17
Let f(q) = -7*q**2 + 5*q + 2. Suppose -3*u - 2 = -u. Let t(o) = -o**2 + o + 1. Let b(i) = u*f(i) + 3*t(i). What is b(1)?
3
Suppose 3*x = -5*k + 4*k, 5*x + 3*k = -4. Let a(y) = -y**3 + y**2 - y + 1. Calculate a(x).
0
Let w(x) be the second derivative of -x**5/20 + 5*x**4/12 - x**3/6 - x**2 + 3*x. Suppose -6 = -2*f - 0*f. Suppose 4*m + f*y + 2 = y, -5*m - 5 = 3*y. Give w(m).
8
Let t(j) = j**2 + 2*j - 3. Suppose 0 = 4*h - 40 - 24. Suppose -3*i = 4*f + h, i + 4 - 5 = 5*f. What is t(i)?
5
Suppose 0*x - 4*x + 20 = 3*b, 0 = 3*x - 6. Let k(c) = -1 - 1 + 2 + b*c + 2 + c**2. Give k(-4).
2
Let k(x) = -x - 2. Let b(t) = -2*t - 5. Let o(w) = 6*b(w) - 13*k(w). Let g(j) = -j + 4. Let p = 9 + -12. Let z(u) = p*o(u) - 4*g(u). Give z(-4).
-8
Let s(y) = -4*y**2 + 254 - 249 + 5*y**2 - 2*y + 8*y. Suppose 5*z - 17 + 3 = 4*j, -2 = z. What is s(j)?
5
Let o = 0 - -4. Suppose 20 = -2*p + o*p. Suppose 1 = 3*r + p. Let w(i) = i**2 + 3*i - 4. What is w(r)?
-4
Let c(l) = 3*l**3 - l**2 + l. Let h(f) = -f**2 - 8*f + 7. Let u be h(-8). Let t(n) = n - 8. Let a be t(u). Let p = a + 2. What is c(p)?
3
Let w = 6 + -4. Suppose -w*c + 10 = 2*x, 6*c = -3*x + c + 13. Let j be 2*1/(x/15). Let p(n) = -n**3 + 4*n**2 + 4*n - 1. Determine p(j).
-6
Let r(x) = x - 110 - 2*x + 118. Let b be 2/(-6)*(-30)/2. What is r(b)?
3
Let z(u) = -3*u**3 + u**